 the hundreds digit of 57237810?
8
What is the tens digit of 1800331338?
3
What is the thousands digit of 202997530?
7
What is the billions digit of 4944864397?
4
What is the hundred thousands digit of 394897364?
8
What is the millions digit of 2487554226?
7
What is the thousands digit of 50600019?
0
What is the hundred thousands digit of 36492499?
4
What is the thousands digit of 152423840?
3
What is the millions digit of 340456054?
0
What is the tens digit of 724601809?
0
What is the hundreds digit of 82460895?
8
What is the tens digit of 115215796?
9
What is the hundred millions digit of 418838759?
4
What is the units digit of 20663052?
2
What is the ten millions digit of 337558521?
3
What is the ten millions digit of 5348653060?
4
What is the ten millions digit of 88577999?
8
What is the millions digit of 349342734?
9
What is the tens digit of 365193729?
2
What is the tens digit of 973934766?
6
What is the ten thousands digit of 110797584?
9
What is the thousands digit of 7458686553?
6
What is the hundred millions digit of 2105952366?
1
What is the units digit of 1292089202?
2
What is the tens digit of 83278256?
5
What is the millions digit of 1756534349?
6
What is the ten thousands digit of 95803903?
0
What is the tens digit of 868125000?
0
What is the hundred thousands digit of 654172?
6
What is the hundred thousands digit of 259377449?
3
What is the millions digit of 77784902?
7
What is the hundreds digit of 181629039?
0
What is the ten millions digit of 45464010?
4
What is the thousands digit of 954513395?
3
What is the units digit of 5329643457?
7
What is the ten thousands digit of 14125470?
2
What is the thousands digit of 426840374?
0
What is the ten millions digit of 377126893?
7
What is the hundred thousands digit of 8640958?
6
What is the tens digit of 27149815?
1
What is the thousands digit of 7991006514?
6
What is the thousands digit of 408482276?
2
What is the units digit of 28612291?
1
What is the thousands digit of 115177862?
7
What is the tens digit of 51011715?
1
What is the hundreds digit of 8845051?
0
What is the ten thousands digit of 151137351?
3
What is the hundreds digit of 2357657994?
9
What is the hundred millions digit of 425799117?
4
What is the thousands digit of 55419325?
9
What is the thousands digit of 476562779?
2
What is the tens digit of 43970016?
1
What is the hundred thousands digit of 70413842?
4
What is the hundred thousands digit of 1098645938?
6
What is the ten thousands digit of 2660054052?
5
What is the thousands digit of 19070141?
0
What is the units digit of 568024681?
1
What is the millions digit of 794852462?
4
What is the ten millions digit of 121297046?
2
What is the hundred millions digit of 1763206055?
7
What is the billions digit of 1157036208?
1
What is the hundred millions digit of 1901813794?
9
What is the units digit of 869597884?
4
What is the ten millions digit of 1575804655?
7
What is the hundred thousands digit of 60083731?
0
What is the tens digit of 54014750?
5
What is the hundred thousands digit of 27976264?
9
What is the thousands digit of 15449948?
9
What is the thousands digit of 2229431836?
1
What is the hundred millions digit of 195841281?
1
What is the units digit of 1279356627?
7
What is the millions digit of 403969198?
3
What is the millions digit of 145576178?
5
What is the ten millions digit of 385343429?
8
What is the hundred thousands digit of 38910748?
9
What is the hundreds digit of 180026980?
9
What is the thousands digit of 382003680?
3
What is the hundreds digit of 2367787341?
3
What is the millions digit of 316539455?
6
What is the ten millions digit of 5997331740?
9
What is the tens digit of 287614317?
1
What is the hundred millions digit of 308030355?
3
What is the hundreds digit of 95451610?
6
What is the hundred thousands digit of 847317462?
3
What is the hundreds digit of 128808507?
5
What is the millions digit of 184870925?
4
What is the ten millions digit of 78726961?
7
What is the hundreds digit of 2318552?
5
What is the ten thousands digit of 67075732?
7
What is the tens digit of 24570196?
9
What is the ten millions digit of 38308084?
3
What is the hundreds digit of 24708441?
4
What is the billions digit of 3818081307?
3
What is the units digit of 4326632822?
2
What is the ten millions digit of 271474437?
7
What is the hundreds digit of 112013211?
2
What is the thousands digit of 22952417?
2
What is the hundred thousands digit of 93467381?
4
What is the ten thousands digit of 95494691?
9
What is the tens digit of 373479041?
4
What is the units digit of 5456198872?
2
What is the ten millions digit of 35550626?
3
What is the ten thousands digit of 3654721374?
2
What is the units digit of 264173408?
8
What is the hundred thousands digit of 15656752?
6
What is the ten thousands digit of 29532279?
3
What is the hundred thousands digit of 40250592?
2
What is the hundred thousands digit of 343852790?
8
What is the hundred thousands digit of 25366535?
3
What is the hundred thousands digit of 792594946?
5
What is the hundred thousands digit of 382869599?
8
What is the tens digit of 52703931?
3
What is the ten thousands digit of 555374758?
7
What is the hundreds digit of 101334250?
2
What is the millions digit of 593108507?
3
What is the hundred millions digit of 240808763?
2
What is the millions digit of 341326077?
1
What is the units digit of 950508545?
5
What is the ten millions digit of 402555851?
0
What is the tens digit of 2426051630?
3
What is the tens digit of 3685361020?
2
What is the tens digit of 6369394490?
9
What is the hundred thousands digit of 98137836?
1
What is the ten millions digit of 53992307?
5
What is the ten millions digit of 24664691?
2
What is the hundreds digit of 414130623?
6
What is the hundreds digit of 5049793215?
2
What is the hundred thousands digit of 385675523?
6
What is the ten thousands digit of 205038209?
3
What is the ten thousands digit of 269539239?
3
What is the ten millions digit of 569015909?
6
What is the ten millions digit of 806351237?
0
What is the ten thousands digit of 72787771?
8
What is the units digit of 194058968?
8
What is the ten thousands digit of 49469677?
6
What is the ten thousands digit of 511701553?
0
What is the ten thousands digit of 44307590?
0
What is the hundreds digit of 159034927?
9
What is the ten thousands digit of 588799217?
9
What is the ten millions digit of 104256415?
0
What is the hundreds digit of 41076477?
4
What is the units digit of 1646329975?
5
What is the units digit of 23299291?
1
What is the billions digit of 2042949834?
2
What is the ten millions digit of 28872038?
2
What is the ten millions digit of 2892244296?
9
What is the units digit of 207303676?
6
What is the millions digit of 65213279?
5
What is the tens digit of 835174623?
2
What is the millions digit of 1359188775?
9
What is the millions digit of 33130859?
3
What is the millions digit of 615751751?
5
What is the hundreds digit of 118004924?
9
What is the hundreds digit of 11697799?
7
What is the hundred thousands digit of 51006374?
0
What is the thousands digit of 15045128?
5
What is the hundred millions digit of 1984525322?
9
What is the thousands digit of 3062561510?
1
What is the units digit of 158728887?
7
What is the tens digit of 5516907493?
9
What is the ten millions digit of 26397888?
2
What is the billions digit of 5695903202?
5
What is the hundred thousands digit of 132160371?
1
What is the hundreds digit of 70943735?
7
What is the hundred millions digit of 240433535?
2
What is the units digit of 911617697?
7
What is the thousands digit of 188065900?
5
What is the hundreds digit of 8356165?
1
What is the tens digit of 435838711?
1
What is the hundreds digit of 5054676686?
6
What is the thousands digit of 44882134?
2
What is the ten millions digit of 38672994?
3
What is the hundreds digit of 77643550?
5
What is the hundreds digit of 2082055?
0
What is the tens digit of 1211747396?
9
What is the thousands digit of 760925169?
5
What is the tens digit of 98652131?
3
What is the hundred thousands digit of 1517224043?
2
What is the hundred thousands digit of 37507145?
5
What is the units digit of 92543507?
7
What is the hundred millions digit of 444688942?
4
What is the hundred millions digit of 101699660?
1
W